{"id":2228,"date":"2021-02-04T15:09:34","date_gmt":"2021-02-04T14:09:34","guid":{"rendered":"https:\/\/www.lirmm.fr\/dorist\/?page_id=2228"},"modified":"2023-02-07T17:28:23","modified_gmt":"2023-02-07T16:28:23","slug":"entrepots-de-donnees","status":"publish","type":"page","link":"https:\/\/www.lirmm.fr\/dorist\/entrepots-de-donnees\/","title":{"rendered":"Entrep\u00f4ts de donn\u00e9es"},"content":{"rendered":"\t\t<div data-elementor-type=\"wp-page\" data-elementor-id=\"2228\" class=\"elementor elementor-2228\" data-elementor-post-type=\"page\">\n\t\t\t\t\t\t<section class=\"elementor-section elementor-top-section elementor-element elementor-element-7741be3 elementor-section-boxed elementor-section-height-default elementor-section-height-default\" data-id=\"7741be3\" data-element_type=\"section\" data-e-type=\"section\">\n\t\t\t\t\t\t<div class=\"elementor-container elementor-column-gap-default\">\n\t\t\t\t\t<div class=\"elementor-column elementor-col-50 elementor-top-column elementor-element elementor-element-4130948\" data-id=\"4130948\" data-element_type=\"column\" data-e-type=\"column\">\n\t\t\t<div class=\"elementor-widget-wrap elementor-element-populated\">\n\t\t\t\t\t\t<div class=\"elementor-element elementor-element-1d5db2a elementor-widget elementor-widget-image\" data-id=\"1d5db2a\" data-element_type=\"widget\" data-e-type=\"widget\" data-widget_type=\"image.default\">\n\t\t\t\t<div class=\"elementor-widget-container\">\n\t\t\t\t\t\t\t\t\t\t\t\t\t\t\t<img fetchpriority=\"high\" decoding=\"async\" width=\"512\" height=\"341\" src=\"https:\/\/www.lirmm.fr\/dorist\/wp-content\/uploads\/sites\/27\/2020\/12\/cloud-512x341-1.jpg\" class=\"attachment-large size-large wp-image-1609\" alt=\"cloud\" srcset=\"https:\/\/www.lirmm.fr\/dorist\/wp-content\/uploads\/sites\/27\/2020\/12\/cloud-512x341-1.jpg 512w, https:\/\/www.lirmm.fr\/dorist\/wp-content\/uploads\/sites\/27\/2020\/12\/cloud-512x341-1-300x200.jpg 300w\" sizes=\"(max-width: 512px) 100vw, 512px\" \/>\t\t\t\t\t\t\t\t\t\t\t\t\t\t\t<\/div>\n\t\t\t\t<\/div>\n\t\t\t\t\t<\/div>\n\t\t<\/div>\n\t\t\t\t<div class=\"elementor-column elementor-col-50 elementor-top-column elementor-element elementor-element-a9aa896\" data-id=\"a9aa896\" data-element_type=\"column\" data-e-type=\"column\">\n\t\t\t<div class=\"elementor-widget-wrap elementor-element-populated\">\n\t\t\t\t\t\t<div class=\"elementor-element elementor-element-cf745a3 elementor-widget elementor-widget-text-editor\" data-id=\"cf745a3\" data-element_type=\"widget\" data-e-type=\"widget\" data-widget_type=\"text-editor.default\">\n\t\t\t\t<div class=\"elementor-widget-container\">\n\t\t\t\t\t\t\t\t\t<h2><strong>Comment choisir un entrep\u00f4t de donn\u00e9es<\/strong><\/h2><p class=\"rtejustify\">Si vous souhaitez rendre vos donn\u00e9es disponibles, il existe de nombreux r\u00e9f\u00e9rentiels de donn\u00e9es :<\/p><ul><li class=\"rtejustify\">Si votre organisme financeur vous demande de d\u00e9poser vos donn\u00e9es dans un certain r\u00e9f\u00e9rentiel. Pour voir si votre organisme financeur a un <strong>r\u00e9f\u00e9rentiel pr\u00e9f\u00e9r\u00e9<\/strong>\u00a0, veuillez consulter la politique de donn\u00e9es de recherche de votre <a href=\"https:\/\/anr.fr\/fr\/lanr-et-la-recherche\/engagements-et-valeurs\/la-science-ouverte\/\">organisme financeur<\/a> (ANR : <strong>favoriser le libre acc\u00e8s aux publications &#8211; Open Access<\/strong> ) .<\/li><li class=\"rtejustify\">Si votre organisme financeur n&rsquo;a pas de r\u00e9f\u00e9rentiel pr\u00e9f\u00e9r\u00e9, vous souhaiterez peut-\u00eatre utiliser un <strong>r\u00e9f\u00e9rentiel sp\u00e9cifique \u00e0<\/strong>\u00a0une\u00a0<strong>discipline<\/strong>\u00a0qui est fr\u00e9quemment utilis\u00e9 dans votre domaine de recherche.\u00a0Cela rendra vos donn\u00e9es faciles \u00e0 trouver pour votre communaut\u00e9.<\/li><\/ul>\t\t\t\t\t\t\t\t<\/div>\n\t\t\t\t<\/div>\n\t\t\t\t\t<\/div>\n\t\t<\/div>\n\t\t\t\t\t<\/div>\n\t\t<\/section>\n\t\t\t\t<section class=\"elementor-section elementor-top-section elementor-element elementor-element-ed46842 elementor-section-boxed elementor-section-height-default elementor-section-height-default\" data-id=\"ed46842\" data-element_type=\"section\" data-e-type=\"section\">\n\t\t\t\t\t\t<div class=\"elementor-container elementor-column-gap-default\">\n\t\t\t\t\t<div class=\"elementor-column elementor-col-100 elementor-top-column elementor-element elementor-element-07247cb\" data-id=\"07247cb\" data-element_type=\"column\" data-e-type=\"column\">\n\t\t\t<div class=\"elementor-widget-wrap elementor-element-populated\">\n\t\t\t\t\t\t<div class=\"elementor-element elementor-element-0a23f04 elementor-widget elementor-widget-text-editor\" data-id=\"0a23f04\" data-element_type=\"widget\" data-e-type=\"widget\" data-widget_type=\"text-editor.default\">\n\t\t\t\t<div class=\"elementor-widget-container\">\n\t\t\t\t\t\t\t\t\t<p>Il existe un grand nombre d\u2019entrep\u00f4ts de diff\u00e9rents types :<\/p><ul><li>la plateforme nationale f\u00e9d\u00e9r\u00e9e des donn\u00e9es de la recherche <strong>\u00ab<a href=\"https:\/\/entrepot.recherche.data.gouv.fr\/\" target=\"_blank\" rel=\"noopener\">Recherche Data Gouv<\/a> \u00bb<\/strong><\/li><li>entrep\u00f4ts institutionnels ( l&rsquo;<a href=\"https:\/\/entrepot.recherche.data.gouv.fr\/dataverse\/umontpellier\" target=\"_blank\" rel=\"noopener\">universit\u00e9 de Montpellie<\/a>r, <a href=\"https:\/\/dataverse.harvard.edu\/\" target=\"_blank\" rel=\"noopener\">Harvard Dataverse<\/a>,\u00a0<a href=\"http:\/\/sextant.ifremer.fr\/\" target=\"_blank\" rel=\"noopener\">Sextant<\/a>\u00a0pour l\u2019IFREMER,\u00a0<a href=\"https:\/\/data.inra.fr\/\" target=\"_blank\" rel=\"noopener\">INRA Dataverse<\/a>,\u00a0<a href=\"https:\/\/data.irstea.fr\/\" target=\"_blank\" rel=\"noopener\">IrsteaData<\/a>),<\/li><li>entrep\u00f4ts disciplinaires ou th\u00e9matiques comme\u00a0<a href=\"https:\/\/www.pangaea.de\/\" target=\"_blank\" rel=\"noopener\">Pangaea<\/a>\u00a0ou\u00a0<a href=\"http:\/\/www.earthchem.org\/\" target=\"_blank\" rel=\"noopener\">EarthChem<\/a>\u00a0ou\u00a0<a href=\"https:\/\/materialsdatafacility.org\/?:linktarget=_blank\" target=\"_blank\" rel=\"noopener\">Materials Data Facility<\/a>),<\/li><li>entrep\u00f4ts multi-disciplinaires comme\u00a0<a href=\"https:\/\/figshare.com\/\" target=\"_blank\" rel=\"noopener\">Figshare<\/a>,\u00a0<a href=\"https:\/\/data.mendeley.com\/\" target=\"_blank\" rel=\"noopener\">Mendeley Data<\/a>,\u00a0<a href=\"https:\/\/zenodo.org\/\" target=\"_blank\" rel=\"noopener\">Zenodo<\/a>\u00a0(d\u00e9velopp\u00e9 dans le cadre du projet europ\u00e9en OpenAire),\u00a0<a href=\"http:\/\/datadryad.org\/\" target=\"_blank\" rel=\"noopener\">Dryad<\/a>\u00a0ou\u00a0<a href=\"https:\/\/www.nakala.fr\/\" target=\"_blank\" rel=\"noopener\">Nakala<\/a>\u00a0(structure pour les SHS, mise en place par la\u00a0<a href=\"http:\/\/www.huma-num.fr\/\" target=\"_blank\" rel=\"noopener\">TGIR Huma-Num<\/a>). <a href=\"https:\/\/hal-lirmm.ccsd.cnrs.fr\/\">HAL<\/a> entre aussi dans cette cat\u00e9gorie mais pour certains types de donn\u00e9es seulement et dans la mesure o\u00f9 ce n\u2019est pas ce que la communaut\u00e9 internationale utilise et que HAL n\u2019attribue pas de DOI, il semble pr\u00e9f\u00e9rable de choisir un entrep\u00f4t d\u00e9di\u00e9 aux donn\u00e9es.<\/li><\/ul><p>Les d\u00e9p\u00f4ts sont d\u00e9crits par des m\u00e9tadonn\u00e9es standardis\u00e9es, cela permet de rendre les donn\u00e9es facilement rep\u00e9rables et citables dans la mesure o\u00f9 un DOI leur est attribu\u00e9.<\/p><ul><li class=\"rtejustify\"><a href=\"http:\/\/www.re3data.org\/\">re3data<\/a>\u00a0\u00a0est un\u00a0<strong>registre<\/strong>\u00a0mondial\u00a0\u00a0<strong>de r\u00e9f\u00e9rentiels de donn\u00e9es de recherche<\/strong>\u00a0, vous pouvez donc rechercher dans leur base de donn\u00e9es le meilleur r\u00e9f\u00e9rentiel pour h\u00e9berger vos donn\u00e9es.<\/li><li class=\"rtejustify\">Vous pouvez \u00e9galement d\u00e9cider de soumettre vos donn\u00e9es \u00e0 un\u00a0<strong>r\u00e9f\u00e9rentiel \u00e0 usage g\u00e9n\u00e9ral<\/strong>\u00a0, tel que\u00a0<a href=\"https:\/\/zenodo.org\/collection\/user-cambridge\">Zenodo<\/a>\u00a0.<\/li><\/ul><h2><strong>Quelques consid\u00e9rations g\u00e9n\u00e9rales au moment de d\u00e9cider o\u00f9 d\u00e9poser vos donn\u00e9es:<\/strong><\/h2><ul><li class=\"rtejustify\">Les termes et conditions du r\u00e9f\u00e9rentiel sont-ils acceptables?<\/li><li class=\"rtejustify\">O\u00f9 vos donn\u00e9es vont-elles \u00eatre stock\u00e9es?<\/li><li class=\"rtejustify\">\u00cates-vous autoris\u00e9 \u00e0 fournir des informations sur votre identifiant ORCID?\u00a0<br \/><em><a href=\"http:\/\/orcid.org\/\">ORCID<\/a>\u00a0fournit \u00e0 chaque universitaire un identifiant unique, et est de plus en plus requis par les \u00e9diteurs et par les r\u00e9f\u00e9rentiels de donn\u00e9es au stade de la soumission des r\u00e9sultats de la recherche.\u00a0L&rsquo;utilisation d&rsquo;ORCID garantit que les activit\u00e9s de recherche de chaque universitaire se distinguent de celles d&rsquo;autres ayant des noms similaires.<\/em><\/li><li class=\"rtejustify\">Votre ensemble de donn\u00e9es recevra-t-il un DOI permanent?<br \/><em>L&rsquo;utilisation d&rsquo;URL (Uniform Resource Locators) persistants, tels que les identificateurs d&rsquo;objets num\u00e9riques (DOI), garantit que vos donn\u00e9es ont un emplacement permanent.\u00a0L&rsquo;URL ou DOI ne changera pas si vous quittez l&rsquo;Universit\u00e9 ou si le site Web est repens\u00e9 &#8211; le lien vers vos donn\u00e9es est permanent.<\/em><\/li><li class=\"rtejustify\">Le r\u00e9f\u00e9rentiel est-il utilis\u00e9 par les personnes de votre discipline?<\/li><li class=\"rtejustify\">Le r\u00e9f\u00e9rentiel vous permet-il de d\u00e9crire suffisamment vos donn\u00e9es pour qu&rsquo;elles soient faciles \u00e0 trouver?<\/li><\/ul><h2>R\u00e9f\u00e9rentiels recommand\u00e9s par le Journal Nature<\/h2><p><a href=\"https:\/\/www.nature.com\/sdata\/policies\/repositories\">recommended data repositories<\/a><\/p>\t\t\t\t\t\t\t\t<\/div>\n\t\t\t\t<\/div>\n\t\t\t\t\t<\/div>\n\t\t<\/div>\n\t\t\t\t\t<\/div>\n\t\t<\/section>\n\t\t\t\t<section class=\"elementor-section elementor-top-section elementor-element elementor-element-878d3d5 elementor-section-boxed elementor-section-height-default elementor-section-height-default\" data-id=\"878d3d5\" data-element_type=\"section\" data-e-type=\"section\">\n\t\t\t\t\t\t<div class=\"elementor-container elementor-column-gap-default\">\n\t\t\t\t\t<div class=\"elementor-column elementor-col-33 elementor-top-column elementor-element elementor-element-3a0113e\" data-id=\"3a0113e\" data-element_type=\"column\" data-e-type=\"column\">\n\t\t\t<div class=\"elementor-widget-wrap elementor-element-populated\">\n\t\t\t\t\t\t<div class=\"elementor-element elementor-element-534ed9e elementor-widget elementor-widget-image\" data-id=\"534ed9e\" data-element_type=\"widget\" data-e-type=\"widget\" data-widget_type=\"image.default\">\n\t\t\t\t<div class=\"elementor-widget-container\">\n\t\t\t\t\t\t\t\t\t\t\t\t\t\t\t<img decoding=\"async\" width=\"600\" height=\"397\" src=\"https:\/\/www.lirmm.fr\/dorist\/wp-content\/uploads\/sites\/27\/2021\/02\/science_ouverte_978689.jpg\" class=\"attachment-large size-large wp-image-2322\" alt=\"PNSO\" srcset=\"https:\/\/www.lirmm.fr\/dorist\/wp-content\/uploads\/sites\/27\/2021\/02\/science_ouverte_978689.jpg 600w, https:\/\/www.lirmm.fr\/dorist\/wp-content\/uploads\/sites\/27\/2021\/02\/science_ouverte_978689-300x199.jpg 300w\" sizes=\"(max-width: 600px) 100vw, 600px\" \/>\t\t\t\t\t\t\t\t\t\t\t\t\t\t\t<\/div>\n\t\t\t\t<\/div>\n\t\t\t\t\t<\/div>\n\t\t<\/div>\n\t\t\t\t<div class=\"elementor-column elementor-col-66 elementor-top-column elementor-element elementor-element-8df7670\" data-id=\"8df7670\" data-element_type=\"column\" data-e-type=\"column\">\n\t\t\t<div class=\"elementor-widget-wrap elementor-element-populated\">\n\t\t\t\t\t\t<div class=\"elementor-element elementor-element-3ecce70 elementor-widget elementor-widget-text-editor\" data-id=\"3ecce70\" data-element_type=\"widget\" data-e-type=\"widget\" data-widget_type=\"text-editor.default\">\n\t\t\t\t<div class=\"elementor-widget-container\">\n\t\t\t\t\t\t\t\t\t<h3 id=\"menuTop\"><strong>\u00c9tude de faisabilit\u00e9 d\u2019un service g\u00e9n\u00e9rique d\u2019accueil et de diffusion des donn\u00e9es simples : recueil des besoins et des contraintes des usagers<\/strong><\/h3><p><a href=\"https:\/\/www.ouvrirlascience.fr\/etude-de-faisabilite-dun-service-generique-daccueil-et-de-diffusion-des-donnees-simples-recueil-des-besoins-et-des-contraintes-des-usagers\/\">Ouvrir la science<\/a><\/p><p><span style=\"text-decoration: underline\">Contexte de l&rsquo;\u00e9tude<\/span> :<\/p><p>La pr\u00e9sente \u00e9tude s\u2019inscrit dans l\u2019action \u201cD\u00e9velopper un service g\u00e9n\u00e9rique d\u2019accueil et de diffusion des donn\u00e9es simples\u201d de l\u2019axe \u201cStructurer et ouvrir les donn\u00e9es de la recherche\u201d du Plan National pour la Science Ouverte.<\/p><p><a href=\"https:\/\/seafile.lirmm.fr\/f\/d34a4721606440bab2eb\/?dl=1\">T\u00e9l\u00e9charger<\/a> le r\u00e9sum\u00e9 de la phase 1 de l&rsquo;\u00e9tude.<\/p>\t\t\t\t\t\t\t\t<\/div>\n\t\t\t\t<\/div>\n\t\t\t\t\t<\/div>\n\t\t<\/div>\n\t\t\t\t\t<\/div>\n\t\t<\/section>\n\t\t\t\t<\/div>\n\t\t","protected":false},"excerpt":{"rendered":"<p>Comment choisir un entrep\u00f4t de donn\u00e9es Si vous souhaitez rendre vos donn\u00e9es disponibles, il existe de nombreux r\u00e9f\u00e9rentiels de donn\u00e9es : Si votre organisme financeur&hellip;<\/p>\n","protected":false},"author":32,"featured_media":0,"parent":0,"menu_order":0,"comment_status":"closed","ping_status":"closed","template":"","meta":{"_eb_attr":"","_crdt_document":"","footnotes":""},"class_list":["post-2228","page","type-page","status-publish","hentry"],"_links":{"self":[{"href":"https:\/\/www.lirmm.fr\/dorist\/wp-json\/wp\/v2\/pages\/2228","targetHints":{"allow":["GET"]}}],"collection":[{"href":"https:\/\/www.lirmm.fr\/dorist\/wp-json\/wp\/v2\/pages"}],"about":[{"href":"https:\/\/www.lirmm.fr\/dorist\/wp-json\/wp\/v2\/types\/page"}],"author":[{"embeddable":true,"href":"https:\/\/www.lirmm.fr\/dorist\/wp-json\/wp\/v2\/users\/32"}],"replies":[{"embeddable":true,"href":"https:\/\/www.lirmm.fr\/dorist\/wp-json\/wp\/v2\/comments?post=2228"}],"version-history":[{"count":34,"href":"https:\/\/www.lirmm.fr\/dorist\/wp-json\/wp\/v2\/pages\/2228\/revisions"}],"predecessor-version":[{"id":3603,"href":"https:\/\/www.lirmm.fr\/dorist\/wp-json\/wp\/v2\/pages\/2228\/revisions\/3603"}],"wp:attachment":[{"href":"https:\/\/www.lirmm.fr\/dorist\/wp-json\/wp\/v2\/media?parent=2228"}],"curies":[{"name":"wp","href":"https:\/\/api.w.org\/{rel}","templated":true}]}}